{"id":6260,"date":"2025-08-19T12:05:12","date_gmt":"2025-08-19T10:05:12","guid":{"rendered":"https:\/\/fotowien.at\/?post_type=ausstellung&#038;p=6260"},"modified":"2025-08-27T16:14:10","modified_gmt":"2025-08-27T14:14:10","slug":"hydrafotografia-mafalda-rakos-foto-wien-2025","status":"publish","type":"ausstellung","link":"https:\/\/fotowien.at\/en\/ausstellung\/hydrafotografia-mafalda-rakos-foto-wien-2025\/","title":{"rendered":"HYDRA+FOTOGRAF\u00cdA &#038; Mafalda Rako\u0161"},"content":{"rendered":"","protected":false},"featured_media":6263,"template":"","ausstellungsart":[27],"accessibility":[23],"artist":[671,672],"partner":[579],"class_list":["post-6260","ausstellung","type-ausstellung","status-publish","has-post-thumbnail","hentry","ausstellungsart-ausstellung","accessibility-barrierefrei","artist-casas-broda-ana","artist-rakos-mafalda-2","partner-fotogalerie-wien-foto-wien-2025"],"acf":[],"yoast_head":"<!-- This site is optimized with the Yoast SEO plugin v27.4 - https:\/\/yoast.com\/product\/yoast-seo-wordpress\/ -->\n<title>HYDRA+FOTOGRAF\u00cdA &amp; Mafalda Rako\u0161 &#8212; Foto Wien<\/title>\n<meta name=\"description\" content=\"Im Rahmen eines Artistic-Research-Projekts der FOTOGALERIE WIEN war die \u00f6sterreichische K\u00fcnstlerin Mafalda Rako\u0161 im Februar 2025 bei HYDRA+FOTOGRAF\u00cdA in Mexiko-Stadt zu Gast.\" \/>\n<meta name=\"robots\" content=\"index, follow, max-snippet:-1, max-image-preview:large, max-video-preview:-1\" \/>\n<link rel=\"canonical\" href=\"https:\/\/fotowien.at\/en\/ausstellung\/hydrafotografia-mafalda-rakos-foto-wien-2025\/\" \/>\n<meta property=\"og:locale\" content=\"en_US\" \/>\n<meta property=\"og:type\" content=\"article\" \/>\n<meta property=\"og:title\" content=\"HYDRA+FOTOGRAF\u00cdA &amp; Mafalda Rako\u0161 &#8212; Foto Wien\" \/>\n<meta property=\"og:description\" content=\"Im Rahmen eines Artistic-Research-Projekts der FOTOGALERIE WIEN war die \u00f6sterreichische K\u00fcnstlerin Mafalda Rako\u0161 im Februar 2025 bei HYDRA+FOTOGRAF\u00cdA in Mexiko-Stadt zu Gast.\" \/>\n<meta property=\"og:url\" content=\"https:\/\/fotowien.at\/en\/ausstellung\/hydrafotografia-mafalda-rakos-foto-wien-2025\/\" \/>\n<meta property=\"og:site_name\" content=\"Foto Wien\" \/>\n<meta property=\"article:publisher\" content=\"https:\/\/www.facebook.com\/FOTOWIEN.Festival\" \/>\n<meta property=\"article:modified_time\" content=\"2025-08-27T14:14:10+00:00\" \/>\n<meta property=\"og:image\" content=\"https:\/\/fotowien.at\/wp-content\/uploads\/M-RAKOS-008.jpg\" \/>\n\t<meta property=\"og:image:width\" content=\"947\" \/>\n\t<meta property=\"og:image:height\" content=\"1181\" \/>\n\t<meta property=\"og:image:type\" content=\"image\/jpeg\" \/>\n<meta name=\"twitter:card\" content=\"summary_large_image\" \/>\n<meta name=\"twitter:site\" content=\"@fotoarsenalwien\" \/>\n<meta name=\"twitter:label1\" content=\"Est. reading time\" \/>\n\t<meta name=\"twitter:data1\" content=\"1 minute\" \/>\n<script type=\"application\/ld+json\" class=\"yoast-schema-graph\">{\"@context\":\"https:\\\/\\\/schema.org\",\"@graph\":[{\"@type\":\"WebPage\",\"@id\":\"https:\\\/\\\/fotowien.at\\\/en\\\/ausstellung\\\/hydrafotografia-mafalda-rakos-foto-wien-2025\\\/\",\"url\":\"https:\\\/\\\/fotowien.at\\\/en\\\/ausstellung\\\/hydrafotografia-mafalda-rakos-foto-wien-2025\\\/\",\"name\":\"HYDRA+FOTOGRAF\u00cdA & Mafalda Rako\u0161 &#8212; Foto Wien\",\"isPartOf\":{\"@id\":\"https:\\\/\\\/fotowien.at\\\/en\\\/#website\"},\"primaryImageOfPage\":{\"@id\":\"https:\\\/\\\/fotowien.at\\\/en\\\/ausstellung\\\/hydrafotografia-mafalda-rakos-foto-wien-2025\\\/#primaryimage\"},\"image\":{\"@id\":\"https:\\\/\\\/fotowien.at\\\/ausstellung\\\/hydrafotografia-mafalda-rakos-foto-wien-2025\\\/#primaryimage\"},\"thumbnailUrl\":\"https:\\\/\\\/fotowien.at\\\/wp-content\\\/uploads\\\/M-RAKOS-008.jpg\",\"datePublished\":\"2025-08-19T10:05:12+00:00\",\"dateModified\":\"2025-08-27T14:14:10+00:00\",\"description\":\"Im Rahmen eines Artistic-Research-Projekts der FOTOGALERIE WIEN war die \u00f6sterreichische K\u00fcnstlerin Mafalda Rako\u0161 im Februar 2025 bei HYDRA+FOTOGRAF\u00cdA in Mexiko-Stadt zu Gast.\",\"breadcrumb\":{\"@id\":\"https:\\\/\\\/fotowien.at\\\/en\\\/ausstellung\\\/hydrafotografia-mafalda-rakos-foto-wien-2025\\\/#breadcrumb\"},\"inLanguage\":\"en-US\",\"potentialAction\":[{\"@type\":\"ReadAction\",\"target\":[[\"https:\\\/\\\/fotowien.at\\\/en\\\/ausstellung\\\/hydrafotografia-mafalda-rakos-foto-wien-2025\\\/\"]]}]},{\"@type\":\"ImageObject\",\"inLanguage\":\"en-US\",\"@id\":\"https:\\\/\\\/fotowien.at\\\/en\\\/ausstellung\\\/hydrafotografia-mafalda-rakos-foto-wien-2025\\\/#primaryimage\",\"url\":\"https:\\\/\\\/fotowien.at\\\/wp-content\\\/uploads\\\/M-RAKOS-008.jpg\",\"contentUrl\":\"https:\\\/\\\/fotowien.at\\\/wp-content\\\/uploads\\\/M-RAKOS-008.jpg\",\"width\":947,\"height\":1181,\"caption\":\"Daniela Romero Gardu\u00f1o, Luisa Martinez Zarate, Mafalda Rako\u0161, Gran Abrazo, 2025. \u00a9 Mafalda Rako\u0161\"},{\"@type\":\"BreadcrumbList\",\"@id\":\"https:\\\/\\\/fotowien.at\\\/en\\\/ausstellung\\\/hydrafotografia-mafalda-rakos-foto-wien-2025\\\/#breadcrumb\",\"itemListElement\":[{\"@type\":\"ListItem\",\"position\":1,\"name\":\"Startseite\",\"item\":\"https:\\\/\\\/fotowien.at\\\/en\\\/\"},{\"@type\":\"ListItem\",\"position\":2,\"name\":\"Ausstellungen\",\"item\":\"https:\\\/\\\/fotowien.at\\\/en\\\/ausstellung\\\/\"},{\"@type\":\"ListItem\",\"position\":3,\"name\":\"HYDRA+FOTOGRAF\u00cdA &#038; Mafalda Rako\u0161\"}]},{\"@type\":\"WebSite\",\"@id\":\"https:\\\/\\\/fotowien.at\\\/en\\\/#website\",\"url\":\"https:\\\/\\\/fotowien.at\\\/en\\\/\",\"name\":\"Foto Wien\",\"description\":\"\",\"publisher\":{\"@id\":\"https:\\\/\\\/fotowien.at\\\/en\\\/#organization\"},\"potentialAction\":[{\"@type\":\"SearchAction\",\"target\":{\"@type\":\"EntryPoint\",\"urlTemplate\":\"https:\\\/\\\/fotowien.at\\\/en\\\/?s={search_term_string}\"},\"query-input\":{\"@type\":\"PropertyValueSpecification\",\"valueRequired\":true,\"valueName\":\"search_term_string\"}}],\"inLanguage\":\"en-US\"},{\"@type\":\"Organization\",\"@id\":\"https:\\\/\\\/fotowien.at\\\/en\\\/#organization\",\"name\":\"Foto Wien\",\"alternateName\":\"Foto Wien\",\"url\":\"https:\\\/\\\/fotowien.at\\\/en\\\/\",\"logo\":{\"@type\":\"ImageObject\",\"inLanguage\":\"en-US\",\"@id\":\"https:\\\/\\\/fotowien.at\\\/en\\\/#\\\/schema\\\/logo\\\/image\\\/\",\"url\":\"https:\\\/\\\/fotowien.at\\\/wp-content\\\/uploads\\\/FOTO_WIEN_2023_LOGO_Farbe_RGB_Lang.png\",\"contentUrl\":\"https:\\\/\\\/fotowien.at\\\/wp-content\\\/uploads\\\/FOTO_WIEN_2023_LOGO_Farbe_RGB_Lang.png\",\"width\":2000,\"height\":506,\"caption\":\"Foto Wien\"},\"image\":{\"@id\":\"https:\\\/\\\/fotowien.at\\\/en\\\/#\\\/schema\\\/logo\\\/image\\\/\"},\"sameAs\":[\"https:\\\/\\\/www.facebook.com\\\/FOTOWIEN.Festival\",\"https:\\\/\\\/x.com\\\/fotoarsenalwien\",\"https:\\\/\\\/instagram.com\\\/foto_wien\",\"http:\\\/\\\/www.tiktok.com\\\/@fotoarsenalwien\"]}]}<\/script>\n<!-- \/ Yoast SEO plugin. -->","yoast_head_json":{"title":"HYDRA+FOTOGRAF\u00cdA & Mafalda Rako\u0161 &#8212; Foto Wien","description":"Im Rahmen eines Artistic-Research-Projekts der FOTOGALERIE WIEN war die \u00f6sterreichische K\u00fcnstlerin Mafalda Rako\u0161 im Februar 2025 bei HYDRA+FOTOGRAF\u00cdA in Mexiko-Stadt zu Gast.","robots":{"index":"index","follow":"follow","max-snippet":"max-snippet:-1","max-image-preview":"max-image-preview:large","max-video-preview":"max-video-preview:-1"},"canonical":"https:\/\/fotowien.at\/en\/ausstellung\/hydrafotografia-mafalda-rakos-foto-wien-2025\/","og_locale":"en_US","og_type":"article","og_title":"HYDRA+FOTOGRAF\u00cdA & Mafalda Rako\u0161 &#8212; Foto Wien","og_description":"Im Rahmen eines Artistic-Research-Projekts der FOTOGALERIE WIEN war die \u00f6sterreichische K\u00fcnstlerin Mafalda Rako\u0161 im Februar 2025 bei HYDRA+FOTOGRAF\u00cdA in Mexiko-Stadt zu Gast.","og_url":"https:\/\/fotowien.at\/en\/ausstellung\/hydrafotografia-mafalda-rakos-foto-wien-2025\/","og_site_name":"Foto Wien","article_publisher":"https:\/\/www.facebook.com\/FOTOWIEN.Festival","article_modified_time":"2025-08-27T14:14:10+00:00","og_image":[{"width":947,"height":1181,"url":"https:\/\/fotowien.at\/wp-content\/uploads\/M-RAKOS-008.jpg","type":"image\/jpeg"}],"twitter_card":"summary_large_image","twitter_site":"@fotoarsenalwien","twitter_misc":{"Est. reading time":"1 minute"},"schema":{"@context":"https:\/\/schema.org","@graph":[{"@type":"WebPage","@id":"https:\/\/fotowien.at\/en\/ausstellung\/hydrafotografia-mafalda-rakos-foto-wien-2025\/","url":"https:\/\/fotowien.at\/en\/ausstellung\/hydrafotografia-mafalda-rakos-foto-wien-2025\/","name":"HYDRA+FOTOGRAF\u00cdA & Mafalda Rako\u0161 &#8212; Foto Wien","isPartOf":{"@id":"https:\/\/fotowien.at\/en\/#website"},"primaryImageOfPage":{"@id":"https:\/\/fotowien.at\/en\/ausstellung\/hydrafotografia-mafalda-rakos-foto-wien-2025\/#primaryimage"},"image":{"@id":"https:\/\/fotowien.at\/ausstellung\/hydrafotografia-mafalda-rakos-foto-wien-2025\/#primaryimage"},"thumbnailUrl":"https:\/\/fotowien.at\/wp-content\/uploads\/M-RAKOS-008.jpg","datePublished":"2025-08-19T10:05:12+00:00","dateModified":"2025-08-27T14:14:10+00:00","description":"Im Rahmen eines Artistic-Research-Projekts der FOTOGALERIE WIEN war die \u00f6sterreichische K\u00fcnstlerin Mafalda Rako\u0161 im Februar 2025 bei HYDRA+FOTOGRAF\u00cdA in Mexiko-Stadt zu Gast.","breadcrumb":{"@id":"https:\/\/fotowien.at\/en\/ausstellung\/hydrafotografia-mafalda-rakos-foto-wien-2025\/#breadcrumb"},"inLanguage":"en-US","potentialAction":[{"@type":"ReadAction","target":[["https:\/\/fotowien.at\/en\/ausstellung\/hydrafotografia-mafalda-rakos-foto-wien-2025\/"]]}]},{"@type":"ImageObject","inLanguage":"en-US","@id":"https:\/\/fotowien.at\/en\/ausstellung\/hydrafotografia-mafalda-rakos-foto-wien-2025\/#primaryimage","url":"https:\/\/fotowien.at\/wp-content\/uploads\/M-RAKOS-008.jpg","contentUrl":"https:\/\/fotowien.at\/wp-content\/uploads\/M-RAKOS-008.jpg","width":947,"height":1181,"caption":"Daniela Romero Gardu\u00f1o, Luisa Martinez Zarate, Mafalda Rako\u0161, Gran Abrazo, 2025. \u00a9 Mafalda Rako\u0161"},{"@type":"BreadcrumbList","@id":"https:\/\/fotowien.at\/en\/ausstellung\/hydrafotografia-mafalda-rakos-foto-wien-2025\/#breadcrumb","itemListElement":[{"@type":"ListItem","position":1,"name":"Startseite","item":"https:\/\/fotowien.at\/en\/"},{"@type":"ListItem","position":2,"name":"Ausstellungen","item":"https:\/\/fotowien.at\/en\/ausstellung\/"},{"@type":"ListItem","position":3,"name":"HYDRA+FOTOGRAF\u00cdA &#038; Mafalda Rako\u0161"}]},{"@type":"WebSite","@id":"https:\/\/fotowien.at\/en\/#website","url":"https:\/\/fotowien.at\/en\/","name":"Foto Wien","description":"","publisher":{"@id":"https:\/\/fotowien.at\/en\/#organization"},"potentialAction":[{"@type":"SearchAction","target":{"@type":"EntryPoint","urlTemplate":"https:\/\/fotowien.at\/en\/?s={search_term_string}"},"query-input":{"@type":"PropertyValueSpecification","valueRequired":true,"valueName":"search_term_string"}}],"inLanguage":"en-US"},{"@type":"Organization","@id":"https:\/\/fotowien.at\/en\/#organization","name":"Foto Wien","alternateName":"Foto Wien","url":"https:\/\/fotowien.at\/en\/","logo":{"@type":"ImageObject","inLanguage":"en-US","@id":"https:\/\/fotowien.at\/en\/#\/schema\/logo\/image\/","url":"https:\/\/fotowien.at\/wp-content\/uploads\/FOTO_WIEN_2023_LOGO_Farbe_RGB_Lang.png","contentUrl":"https:\/\/fotowien.at\/wp-content\/uploads\/FOTO_WIEN_2023_LOGO_Farbe_RGB_Lang.png","width":2000,"height":506,"caption":"Foto Wien"},"image":{"@id":"https:\/\/fotowien.at\/en\/#\/schema\/logo\/image\/"},"sameAs":["https:\/\/www.facebook.com\/FOTOWIEN.Festival","https:\/\/x.com\/fotoarsenalwien","https:\/\/instagram.com\/foto_wien","http:\/\/www.tiktok.com\/@fotoarsenalwien"]}]}},"_links":{"self":[{"href":"https:\/\/fotowien.at\/en\/wp-json\/wp\/v2\/ausstellung\/6260","targetHints":{"allow":["GET"]}}],"collection":[{"href":"https:\/\/fotowien.at\/en\/wp-json\/wp\/v2\/ausstellung"}],"about":[{"href":"https:\/\/fotowien.at\/en\/wp-json\/wp\/v2\/types\/ausstellung"}],"version-history":[{"count":7,"href":"https:\/\/fotowien.at\/en\/wp-json\/wp\/v2\/ausstellung\/6260\/revisions"}],"predecessor-version":[{"id":7400,"href":"https:\/\/fotowien.at\/en\/wp-json\/wp\/v2\/ausstellung\/6260\/revisions\/7400"}],"wp:featuredmedia":[{"embeddable":true,"href":"https:\/\/fotowien.at\/en\/wp-json\/wp\/v2\/media\/6263"}],"wp:attachment":[{"href":"https:\/\/fotowien.at\/en\/wp-json\/wp\/v2\/media?parent=6260"}],"wp:term":[{"taxonomy":"ausstellungsart","embeddable":true,"href":"https:\/\/fotowien.at\/en\/wp-json\/wp\/v2\/ausstellungsart?post=6260"},{"taxonomy":"accessibility","embeddable":true,"href":"https:\/\/fotowien.at\/en\/wp-json\/wp\/v2\/accessibility?post=6260"},{"taxonomy":"artist","embeddable":true,"href":"https:\/\/fotowien.at\/en\/wp-json\/wp\/v2\/artist?post=6260"},{"taxonomy":"partner","embeddable":true,"href":"https:\/\/fotowien.at\/en\/wp-json\/wp\/v2\/partner?post=6260"}],"curies":[{"name":"wp","href":"https:\/\/api.w.org\/{rel}","templated":true}]}}

HYDRA+FOTOGRAFÍA &#038; Mafalda Rakoš

<!-- This site is optimized with the Yoast SEO plugin v27.4 - https://yoast.com/product/yoast-seo-wordpress/ -->
<title>HYDRA+FOTOGRAFÍA &amp; Mafalda Rakoš &#8212; Foto Wien</title>
<meta name="description" content="Im Rahmen eines Artistic-Research-Projekts der FOTOGALERIE WIEN war die österreichische Künstlerin Mafalda Rakoš im Februar 2025 bei HYDRA+FOTOGRAFÍA in Mexiko-Stadt zu Gast." />
<meta name="robots" content="index, follow, max-snippet:-1, max-image-preview:large, max-video-preview:-1" />
<link rel="canonical" href="https://fotowien.at/en/ausstellung/hydrafotografia-mafalda-rakos-foto-wien-2025/" />
<meta property="og:locale" content="en_US" />
<meta property="og:type" content="article" />
<meta property="og:title" content="HYDRA+FOTOGRAFÍA &amp; Mafalda Rakoš &#8212; Foto Wien" />
<meta property="og:description" content="Im Rahmen eines Artistic-Research-Projekts der FOTOGALERIE WIEN war die österreichische Künstlerin Mafalda Rakoš im Februar 2025 bei HYDRA+FOTOGRAFÍA in Mexiko-Stadt zu Gast." />
<meta property="og:url" content="https://fotowien.at/en/ausstellung/hydrafotografia-mafalda-rakos-foto-wien-2025/" />
<meta property="og:site_name" content="Foto Wien" />
<meta property="article:publisher" content="https://www.facebook.com/FOTOWIEN.Festival" />
<meta property="article:modified_time" content="2025-08-27T14:14:10+00:00" />
<meta property="og:image" content="https://fotowien.at/wp-content/uploads/M-RAKOS-008.jpg" />
	<meta property="og:image:width" content="947" />
	<meta property="og:image:height" content="1181" />
	<meta property="og:image:type" content="image/jpeg" />
<meta name="twitter:card" content="summary_large_image" />
<meta name="twitter:site" content="@fotoarsenalwien" />
<meta name="twitter:label1" content="Est. reading time" />
	<meta name="twitter:data1" content="1 minute" />
<script type="application/ld+json" class="yoast-schema-graph">{"@context":"https:\/\/schema.org","@graph":[{"@type":"WebPage","@id":"https:\/\/fotowien.at\/en\/ausstellung\/hydrafotografia-mafalda-rakos-foto-wien-2025\/","url":"https:\/\/fotowien.at\/en\/ausstellung\/hydrafotografia-mafalda-rakos-foto-wien-2025\/","name":"HYDRA+FOTOGRAFÍA & Mafalda Rakoš &#8212; Foto Wien","isPartOf":{"@id":"https:\/\/fotowien.at\/en\/#website"},"primaryImageOfPage":{"@id":"https:\/\/fotowien.at\/en\/ausstellung\/hydrafotografia-mafalda-rakos-foto-wien-2025\/#primaryimage"},"image":{"@id":"https:\/\/fotowien.at\/ausstellung\/hydrafotografia-mafalda-rakos-foto-wien-2025\/#primaryimage"},"thumbnailUrl":"https:\/\/fotowien.at\/wp-content\/uploads\/M-RAKOS-008.jpg","datePublished":"2025-08-19T10:05:12+00:00","dateModified":"2025-08-27T14:14:10+00:00","description":"Im Rahmen eines Artistic-Research-Projekts der FOTOGALERIE WIEN war die österreichische Künstlerin Mafalda Rakoš im Februar 2025 bei HYDRA+FOTOGRAFÍA in Mexiko-Stadt zu Gast.","breadcrumb":{"@id":"https:\/\/fotowien.at\/en\/ausstellung\/hydrafotografia-mafalda-rakos-foto-wien-2025\/#breadcrumb"},"inLanguage":"en-US","potentialAction":[{"@type":"ReadAction","target":[["https:\/\/fotowien.at\/en\/ausstellung\/hydrafotografia-mafalda-rakos-foto-wien-2025\/"]]}]},{"@type":"ImageObject","inLanguage":"en-US","@id":"https:\/\/fotowien.at\/en\/ausstellung\/hydrafotografia-mafalda-rakos-foto-wien-2025\/#primaryimage","url":"https:\/\/fotowien.at\/wp-content\/uploads\/M-RAKOS-008.jpg","contentUrl":"https:\/\/fotowien.at\/wp-content\/uploads\/M-RAKOS-008.jpg","width":947,"height":1181,"caption":"Daniela Romero Garduño, Luisa Martinez Zarate, Mafalda Rakoš, Gran Abrazo, 2025. © Mafalda Rakoš"},{"@type":"BreadcrumbList","@id":"https:\/\/fotowien.at\/en\/ausstellung\/hydrafotografia-mafalda-rakos-foto-wien-2025\/#breadcrumb","itemListElement":[{"@type":"ListItem","position":1,"name":"Startseite","item":"https:\/\/fotowien.at\/en\/"},{"@type":"ListItem","position":2,"name":"Ausstellungen","item":"https:\/\/fotowien.at\/en\/ausstellung\/"},{"@type":"ListItem","position":3,"name":"HYDRA+FOTOGRAFÍA &#038; Mafalda Rakoš"}]},{"@type":"WebSite","@id":"https:\/\/fotowien.at\/en\/#website","url":"https:\/\/fotowien.at\/en\/","name":"Foto Wien","description":"","publisher":{"@id":"https:\/\/fotowien.at\/en\/#organization"},"potentialAction":[{"@type":"SearchAction","target":{"@type":"EntryPoint","urlTemplate":"https:\/\/fotowien.at\/en\/?s={search_term_string}"},"query-input":{"@type":"PropertyValueSpecification","valueRequired":true,"valueName":"search_term_string"}}],"inLanguage":"en-US"},{"@type":"Organization","@id":"https:\/\/fotowien.at\/en\/#organization","name":"Foto Wien","alternateName":"Foto Wien","url":"https:\/\/fotowien.at\/en\/","logo":{"@type":"ImageObject","inLanguage":"en-US","@id":"https:\/\/fotowien.at\/en\/#\/schema\/logo\/image\/","url":"https:\/\/fotowien.at\/wp-content\/uploads\/FOTO_WIEN_2023_LOGO_Farbe_RGB_Lang.png","contentUrl":"https:\/\/fotowien.at\/wp-content\/uploads\/FOTO_WIEN_2023_LOGO_Farbe_RGB_Lang.png","width":2000,"height":506,"caption":"Foto Wien"},"image":{"@id":"https:\/\/fotowien.at\/en\/#\/schema\/logo\/image\/"},"sameAs":["https:\/\/www.facebook.com\/FOTOWIEN.Festival","https:\/\/x.com\/fotoarsenalwien","https:\/\/instagram.com\/foto_wien","http:\/\/www.tiktok.com\/@fotoarsenalwien"]}]}</script>
<!-- / Yoast SEO plugin. -->

HYDRA+FOTOGRAFÍA & Mafalda Rakoš &#8212; Foto Wien

Im Rahmen eines Artistic-Research-Projekts der FOTOGALERIE WIEN war die österreichische Künstlerin Mafalda Rakoš im Februar 2025 bei HYDRA+FOTOGRAFÍA in Mexiko-Stadt zu Gast.

Daniela Romero Garduño, Luisa Martinez Zarate, Mafalda Rakoš, Gran Abrazo, 2025. © Mafalda Rakoš
